{"id":6760,"date":"2023-08-06T13:14:04","date_gmt":"2023-08-06T11:14:04","guid":{"rendered":"http:\/\/damesmagiques.com\/?page_id=6760"},"modified":"2024-05-16T01:17:20","modified_gmt":"2024-05-15T23:17:20","slug":"nova-edicio","status":"publish","type":"page","link":"https:\/\/damesmagiques.com\/fr\/nova-edicio\/","title":{"rendered":"NOUVELLE \u00c9DITION"},"content":{"rendered":"<div data-elementor-type=\"wp-page\" data-elementor-id=\"6760\" class=\"elementor elementor-6760\" data-elementor-post-type=\"page\">\n\t\t\t\t\t\t<section class=\"elementor-section elementor-top-section elementor-element elementor-element-1fa3b4b7 elementor-section-boxed elementor-section-height-default elementor-section-height-default\" data-id=\"1fa3b4b7\" data-element_type=\"section\">\n\t\t\t\t\t\t<div class=\"elementor-container elementor-column-gap-default\">\n\t\t\t\t\t<div class=\"elementor-column elementor-col-100 elementor-top-column elementor-element elementor-element-3dbf6dca\" data-id=\"3dbf6dca\" data-element_type=\"column\">\n\t\t\t<div class=\"elementor-widget-wrap elementor-element-populated\">\n\t\t\t\t\t\t<div class=\"elementor-element elementor-element-c3ec490 elementor-widget elementor-widget-text-editor\" data-id=\"c3ec490\" data-element_type=\"widget\" data-widget_type=\"text-editor.default\">\n\t\t\t\t<div class=\"elementor-widget-container\">\n\t\t\t\t\t\t\t<h2><a href=\"http:\/\/damesmagiques.com\/fr\/blog\/contacte\/\" target=\"_blank\" rel=\"noopener noreferrer\"><b>DAMA<\/b><\/a><\/h2><h2 class=\"elementor-heading-title elementor-size-default\"><b>Un peu d&#039;histoire<\/b><\/h2><div>\u00a0<\/div><p>En 2006, j&#039;ai d\u00e9cid\u00e9, Teia Moner, directrice artistique, de cr\u00e9er un festival de femmes faisant de la magie. Je ne pensais pas qu&#039;il y en aurait autant. Huit \u00e9ditions ont eu lieu \u00e0 Terrassa et, gr\u00e2ce au soutien du public et de la communaut\u00e9 magique, le r\u00f4le de la femme magique a \u00e9t\u00e9 renforc\u00e9, mais ensuite est arriv\u00e9e la maudite crise. Aucune baguette magique ne pourrait la faire dispara\u00eetre. Il a fauch\u00e9 nos espoirs et le festival est rest\u00e9 au ch\u00f4mage comme autant de projets personnels et culturels.<\/p><p>Nous avons \u00e9t\u00e9 en pause pendant quatre ans et la situation professionnelle des magiciens en termes de magie n&#039;avait toujours pas l&#039;harmonie que nous souhaitions. Le manque de plateforme leur permettant de pr\u00e9senter leurs spectacles et de montrer leur art au monde \u00e9tait \u00e9vident. Le DAMA est revenu en force en 2019 au Premi\u00e0 de Dalt. Puis est arriv\u00e9e la pand\u00e9mie, avec un nouvel arr\u00eat culturel et \u00e9motionnel.<\/p><h2><b>Le futur imm\u00e9diat<\/b><\/h2><p>Actuellement, une nouvelle \u00e9dition du festival est en cours de cr\u00e9ation pour l&#039;ann\u00e9e 2025, dirig\u00e9e par <a title=\"Teia Moner, Th\u00e9\u00e2tre, marionnettes et magie\" href=\"http:\/\/www.teiamoner.net\" target=\"_blank\" rel=\"noopener\">Teia Moner<\/a> je <span style=\"color: #000000;\">Silvana Gordiola<\/span> de directeur adjoint.<\/p>\t\t\t\t\t\t<\/div>\n\t\t\t\t<\/div>\n\t\t\t\t\t<\/div>\n\t\t<\/div>\n\t\t\t\t\t<\/div>\n\t\t<\/section>\n\t\t\t\t<section class=\"elementor-section elementor-top-section elementor-element elementor-element-0ba477a elementor-section-boxed elementor-section-height-default elementor-section-height-default\" data-id=\"0ba477a\" data-element_type=\"section\">\n\t\t\t\t\t\t<div class=\"elementor-container elementor-column-gap-default\">\n\t\t\t\t\t<div class=\"elementor-column elementor-col-100 elementor-top-column elementor-element elementor-element-c6eb366\" data-id=\"c6eb366\" data-element_type=\"column\">\n\t\t\t<div class=\"elementor-widget-wrap elementor-element-populated\">\n\t\t\t\t\t\t<div class=\"elementor-element elementor-element-15a33e5 elementor-widget elementor-widget-text-editor\" data-id=\"15a33e5\" data-element_type=\"widget\" data-widget_type=\"text-editor.default\">\n\t\t\t\t<div class=\"elementor-widget-container\">\n\t\t\t\t\t\t\t<h1 style=\"text-align: center;\"><span style=\"color: #000000;\"><strong>Es-tu une sorci\u00e8re ?<\/strong> <\/span><\/h1><h1 style=\"text-align: center;\">Vous avez un spectacle, un num\u00e9ro de gala, un atelier, une conf\u00e9rence ou autre activit\u00e9 ?\u00a0<\/h1>\t\t\t\t\t\t<\/div>\n\t\t\t\t<\/div>\n\t\t\t\t<div class=\"elementor-element elementor-element-2c38bbd elementor-widget elementor-widget-image\" data-id=\"2c38bbd\" data-element_type=\"widget\" data-widget_type=\"image.default\">\n\t\t\t\t<div class=\"elementor-widget-container\">\n\t\t\t\t\t\t\t\t\t\t\t\t\t<img fetchpriority=\"high\" decoding=\"async\" width=\"1200\" height=\"498\" src=\"https:\/\/damesmagiques.com\/wp-content\/uploads\/2023\/08\/salutacions.jpg\" class=\"attachment-full size-full wp-image-7375\" alt=\"\" srcset=\"https:\/\/damesmagiques.com\/wp-content\/uploads\/2023\/08\/salutacions.jpg 1200w, https:\/\/damesmagiques.com\/wp-content\/uploads\/2023\/08\/salutacions-300x125.jpg 300w, https:\/\/damesmagiques.com\/wp-content\/uploads\/2023\/08\/salutacions-1024x425.jpg 1024w, https:\/\/damesmagiques.com\/wp-content\/uploads\/2023\/08\/salutacions-768x319.jpg 768w, https:\/\/damesmagiques.com\/wp-content\/uploads\/2023\/08\/salutacions-18x7.jpg 18w\" sizes=\"(max-width: 1200px) 100vw, 1200px\" \/>\t\t\t\t\t\t\t\t\t\t\t\t\t<\/div>\n\t\t\t\t<\/div>\n\t\t\t\t<div class=\"elementor-element elementor-element-67bf580 elementor-align-center elementor-widget elementor-widget-button\" data-id=\"67bf580\" data-element_type=\"widget\" data-widget_type=\"button.default\">\n\t\t\t\t<div class=\"elementor-widget-container\">\n\t\t\t\t\t<div class=\"elementor-button-wrapper\">\n\t\t\t<a class=\"elementor-button elementor-button-link elementor-size-sm\" href=\"https:\/\/damesmagiques.com\/fr\/contacte\/\">\n\t\t\t\t\t\t<span class=\"elementor-button-content-wrapper\">\n\t\t\t\t\t\t\t\t\t<span class=\"elementor-button-text\">EN CONTACT AVEC NOUS<\/span>\n\t\t\t\t\t<\/span>\n\t\t\t\t\t<\/a>\n\t\t<\/div>\n\t\t\t\t<\/div>\n\t\t\t\t<\/div>\n\t\t\t\t\t<\/div>\n\t\t<\/div>\n\t\t\t\t\t<\/div>\n\t\t<\/section>\n\t\t\t\t<\/div>","protected":false},"excerpt":{"rendered":"<p>DAMA Un peu d&#039;histoire En 2006, moi, Teia Moner, directrice artistique, j&#039;ai d\u00e9cid\u00e9 de cr\u00e9er un festival de femmes faisant de la magie. Je ne pensais pas qu&#039;il y en aurait autant. Ils sont all\u00e9s... <\/p>\n<p class=\"read-more-container\"><a title=\"NOUVELLE \u00c9DITION\" class=\"read-more button\" href=\"https:\/\/damesmagiques.com\/fr\/nova-edicio\/#more-6760\">Continue de lire<span class=\"screen-reader-text\">NOUVELLE \u00c9DITION<\/span><\/a><\/p>","protected":false},"author":1,"featured_media":0,"parent":0,"menu_order":0,"comment_status":"closed","ping_status":"closed","template":"","meta":{"footnotes":""},"_links":{"self":[{"href":"https:\/\/damesmagiques.com\/fr\/wp-json\/wp\/v2\/pages\/6760"}],"collection":[{"href":"https:\/\/damesmagiques.com\/fr\/wp-json\/wp\/v2\/pages"}],"about":[{"href":"https:\/\/damesmagiques.com\/fr\/wp-json\/wp\/v2\/types\/page"}],"author":[{"embeddable":true,"href":"https:\/\/damesmagiques.com\/fr\/wp-json\/wp\/v2\/users\/1"}],"replies":[{"embeddable":true,"href":"https:\/\/damesmagiques.com\/fr\/wp-json\/wp\/v2\/comments?post=6760"}],"version-history":[{"count":26,"href":"https:\/\/damesmagiques.com\/fr\/wp-json\/wp\/v2\/pages\/6760\/revisions"}],"predecessor-version":[{"id":7907,"href":"https:\/\/damesmagiques.com\/fr\/wp-json\/wp\/v2\/pages\/6760\/revisions\/7907"}],"wp:attachment":[{"href":"https:\/\/damesmagiques.com\/fr\/wp-json\/wp\/v2\/media?parent=6760"}],"curies":[{"name":"wp","href":"https:\/\/api.w.org\/{rel}","templated":true}]}}

NOUVELLE ÉDITION

<div data-elementor-type="wp-page" data-elementor-id="6760" class="elementor elementor-6760" data-elementor-post-type="page">
						<section class="elementor-section elementor-top-section elementor-element elementor-element-1fa3b4b7 elementor-section-boxed elementor-section-height-default elementor-section-height-default" data-id="1fa3b4b7" data-element_type="section">
						<div class="elementor-container elementor-column-gap-default">
					<div class="elementor-column elementor-col-100 elementor-top-column elementor-element elementor-element-3dbf6dca" data-id="3dbf6dca" data-element_type="column">
			<div class="elementor-widget-wrap elementor-element-populated">
						<div class="elementor-element elementor-element-c3ec490 elementor-widget elementor-widget-text-editor" data-id="c3ec490" data-element_type="widget" data-widget_type="text-editor.default">
				<div class="elementor-widget-container">
							<h2><a href="http://damesmagiques.com/fr/blog/contacte/" target="_blank" rel="noopener noreferrer"><b>DAMA</b></a></h2><h2 class="elementor-heading-title elementor-size-default"><b>Un peu d&#039;histoire</b></h2><div> </div><p>En 2006, j&#039;ai décidé, Teia Moner, directrice artistique, de créer un festival de femmes faisant de la magie. Je ne pensais pas qu&#039;il y en aurait autant. Huit éditions ont eu lieu à Terrassa et, grâce au soutien du public et de la communauté magique, le rôle de la femme magique a été renforcé, mais ensuite est arrivée la maudite crise. Aucune baguette magique ne pourrait la faire disparaître. Il a fauché nos espoirs et le festival est resté au chômage comme autant de projets personnels et culturels.</p><p>Nous avons été en pause pendant quatre ans et la situation professionnelle des magiciens en termes de magie n&#039;avait toujours pas l&#039;harmonie que nous souhaitions. Le manque de plateforme leur permettant de présenter leurs spectacles et de montrer leur art au monde était évident. Le DAMA est revenu en force en 2019 au Premià de Dalt. Puis est arrivée la pandémie, avec un nouvel arrêt culturel et émotionnel.</p><h2><b>Le futur immédiat</b></h2><p>Actuellement, une nouvelle édition du festival est en cours de création pour l&#039;année 2025, dirigée par <a title="Teia Moner, Théâtre, marionnettes et magie" href="http://www.teiamoner.net" target="_blank" rel="noopener">Teia Moner</a> je <span style="color: #000000;">Silvana Gordiola</span> de directeur adjoint.</p>						</div>
				</div>
					</div>
		</div>
					</div>
		</section>
				<section class="elementor-section elementor-top-section elementor-element elementor-element-0ba477a elementor-section-boxed elementor-section-height-default elementor-section-height-default" data-id="0ba477a" data-element_type="section">
						<div class="elementor-container elementor-column-gap-default">
					<div class="elementor-column elementor-col-100 elementor-top-column elementor-element elementor-element-c6eb366" data-id="c6eb366" data-element_type="column">
			<div class="elementor-widget-wrap elementor-element-populated">
						<div class="elementor-element elementor-element-15a33e5 elementor-widget elementor-widget-text-editor" data-id="15a33e5" data-element_type="widget" data-widget_type="text-editor.default">
				<div class="elementor-widget-container">
							<h1 style="text-align: center;"><span style="color: #000000;"><strong>Es-tu une sorcière ?</strong> </span></h1><h1 style="text-align: center;">Vous avez un spectacle, un numéro de gala, un atelier, une conférence ou autre activité ? </h1>						</div>
				</div>
				<div class="elementor-element elementor-element-2c38bbd elementor-widget elementor-widget-image" data-id="2c38bbd" data-element_type="widget" data-widget_type="image.default">
				<div class="elementor-widget-container">
													<img fetchpriority="high" decoding="async" width="1200" height="498" src="https://damesmagiques.com/wp-content/uploads/2023/08/salutacions.jpg" class="attachment-full size-full wp-image-7375" alt="" srcset="https://damesmagiques.com/wp-content/uploads/2023/08/salutacions.jpg 1200w, https://damesmagiques.com/wp-content/uploads/2023/08/salutacions-300x125.jpg 300w, https://damesmagiques.com/wp-content/uploads/2023/08/salutacions-1024x425.jpg 1024w, https://damesmagiques.com/wp-content/uploads/2023/08/salutacions-768x319.jpg 768w, https://damesmagiques.com/wp-content/uploads/2023/08/salutacions-18x7.jpg 18w" sizes="(max-width: 1200px) 100vw, 1200px" />													</div>
				</div>
				<div class="elementor-element elementor-element-67bf580 elementor-align-center elementor-widget elementor-widget-button" data-id="67bf580" data-element_type="widget" data-widget_type="button.default">
				<div class="elementor-widget-container">
					<div class="elementor-button-wrapper">
			<a class="elementor-button elementor-button-link elementor-size-sm" href="https://damesmagiques.com/fr/contacte/">
						<span class="elementor-button-content-wrapper">
									<span class="elementor-button-text">EN CONTACT AVEC NOUS</span>
					</span>
					</a>
		</div>
				</div>
				</div>
					</div>
		</div>
					</div>
		</section>
				</div>

<p>DAMA Un peu d&#039;histoire En 2006, moi, Teia Moner, directrice artistique, j&#039;ai décidé de créer un festival de femmes faisant de la magie. Je ne pensais pas qu&#039;il y en aurait autant. Ils sont allés... </p>
<p class="read-more-container"><a title="NOUVELLE ÉDITION" class="read-more button" href="https://damesmagiques.com/fr/nova-edicio/#more-6760">Continue de lire<span class="screen-reader-text">NOUVELLE ÉDITION</span></a></p>
